{"id":10208,"date":"2024-04-12T12:51:25","date_gmt":"2024-04-12T10:51:25","guid":{"rendered":"https:\/\/ikaivans.com\/producto\/ilusion-xmk-740-premium-autocaravana\/"},"modified":"2024-05-08T12:21:55","modified_gmt":"2024-05-08T10:21:55","slug":"ilusion-xmk-740-premium-autocaravana","status":"publish","type":"product","link":"https:\/\/ikaivans.com\/eu\/producto\/ilusion-xmk-740-premium-autocaravana\/","title":{"rendered":"XMK740 PREMIUM"},"content":{"rendered":"<div>\n<p><strong>Autocaravana Ilusion XMK 740,\u00a0<\/strong>la autocaravana perfilada de la marca Ilusion que dispone de\u00a0<strong>2<\/strong>\u00a0<strong>espacios independientes\u00a0<\/strong>separados por una puerta corredera: una habitaci\u00f3n dormitorio tipo suite con\u00a0<strong>camas individuales gemelas<\/strong>\u00a0con ba\u00f1o y ducha separados y zona de comedor y cocina.<\/p>\n<p>&nbsp;<\/p>\n<\/div>\n<div><img fetchpriority=\"high\" decoding=\"async\" class=\"wp-image-10178 size-large aligncenter\" src=\"https:\/\/ikaivans.com\/wp-content\/uploads\/ICONOS-740-PREMIUM-DATOS-TECNICOS-1024x125.png\" alt=\"\" width=\"1024\" height=\"125\" srcset=\"https:\/\/ikaivans.com\/wp-content\/uploads\/ICONOS-740-PREMIUM-DATOS-TECNICOS-1024x125.png 1024w, https:\/\/ikaivans.com\/wp-content\/uploads\/ICONOS-740-PREMIUM-DATOS-TECNICOS-300x37.png 300w, https:\/\/ikaivans.com\/wp-content\/uploads\/ICONOS-740-PREMIUM-DATOS-TECNICOS-768x94.png 768w, https:\/\/ikaivans.com\/wp-content\/uploads\/ICONOS-740-PREMIUM-DATOS-TECNICOS-1536x188.png 1536w, https:\/\/ikaivans.com\/wp-content\/uploads\/ICONOS-740-PREMIUM-DATOS-TECNICOS-600x73.png 600w, https:\/\/ikaivans.com\/wp-content\/uploads\/ICONOS-740-PREMIUM-DATOS-TECNICOS.png 1903w\" sizes=\"(max-width: 1024px) 100vw, 1024px\" \/><\/div>\n<div><\/div>\n<div>\n<ul>\n<li>Garant\u00eda:\u00a03 a\u00f1os de garant\u00eda del veh\u00edculo y\u00a0<strong>5 a\u00f1os de garant\u00eda<\/strong>\u00a0frente a estanqueidad<\/li>\n<li><strong>Amplio<\/strong>\u00a0<strong>sal\u00f3n comedor<\/strong>\u00a0delantero\u00a0con asientos de cabina giratorios y mesa deslizante con regulaci\u00f3n en altura<\/li>\n<li><b>Habitaci\u00f3n\u00a0<\/b>de dormitorio<b>\u00a0tipo Suite\u00a0<\/b>con<b>\u00a0camas gemelas<\/b><\/li>\n<li><strong>Puerta corredera<\/strong>\u00a0que separa dormitorio del resto del espacio<\/li>\n<li><strong>4 + 1 asientos<\/strong>\u00a0homologados y\u00a0<strong>3 + 2 plazas para dormir<\/strong>. El veh\u00edculo tiene camas gemelas en la parte trasera.<\/li>\n<li><strong>Opcional recomendable:<\/strong>\u00a0<strong>5\u00ba plaza<\/strong> para viajar +\u00a0<strong>fundas de cabina <\/strong>+\u00a0<strong>cama doble abatible el\u00e9ctrica<\/strong> en la parte delantera + <strong>Kit cama grande<\/strong> en las camas gemelas<\/li>\n<li>Garaje grande de f\u00e1cil acceso desde ambos lados<\/li>\n<li><strong>Financiaci\u00f3n Especial<\/strong>: Consultar condiciones<\/li>\n<\/ul>\n<div>\n<p>&nbsp;<\/p>\n<p>IVA, Transporte, IEDMT (14,75%) y matriculaci\u00f3n incluidos.<\/p>\n<\/div>\n<div>\n<p>IEl IEMDT es deducible con minusval\u00eda superior al 33% o con familia numerosa.<\/p>\n<\/div>\n<div><strong>DIMENSIONES CAMAS:<\/strong><\/div>\n<p>Camas individuales en la parte trasera:<\/p>\n<ul>\n<li>Cama trasera izquierda de 202 x 81 cm<\/li>\n<li>Cama trasera derecha de 198 x 81 cm<\/li>\n<li>Opcional: cama delantera elevable el\u00e9ctrica de 200 x 120 cm con opci\u00f3n extensi\u00f3n de cama +25cm.<\/li>\n<li>Opcional: kit de transformaci\u00f3n de camas individuales a cama doble de 210 x 190 cm.<\/li>\n<\/ul>\n<\/div>\n","protected":false},"excerpt":{"rendered":"<p>Autocaravana Ilusion XMK 740,\u00a0la autocaravana perfilada de la marca Ilusion que dispone de\u00a02\u00a0espacios independientes\u00a0separados por una puerta corredera: una habitaci\u00f3n dormitorio tipo suite con\u00a0camas individuales gemelas\u00a0con ba\u00f1o y ducha separados y zona de comedor y cocina. &nbsp; Garant\u00eda:\u00a03 a\u00f1os de garant\u00eda del veh\u00edculo y\u00a05 a\u00f1os de garant\u00eda\u00a0frente a estanqueidad Amplio\u00a0sal\u00f3n comedor\u00a0delantero\u00a0con asientos de cabina giratorios [&hellip;]<\/p>\n","protected":false},"featured_media":11836,"comment_status":"open","ping_status":"closed","template":"","meta":{"_acf_changed":false,"_joinchat":[]},"product_brand":[],"product_cat":[357,339],"product_tag":[],"class_list":{"0":"post-10208","1":"product","2":"type-product","3":"status-publish","4":"has-post-thumbnail","6":"product_cat-autocaravanas-perfiladas-eu","7":"product_cat-ilusion-xmk-premium-eu","9":"first","10":"instock","11":"taxable","12":"shipping-taxable","13":"purchasable","14":"product-type-simple"},"acf":[],"_links":{"self":[{"href":"https:\/\/ikaivans.com\/eu\/wp-json\/wp\/v2\/product\/10208","targetHints":{"allow":["GET"]}}],"collection":[{"href":"https:\/\/ikaivans.com\/eu\/wp-json\/wp\/v2\/product"}],"about":[{"href":"https:\/\/ikaivans.com\/eu\/wp-json\/wp\/v2\/types\/product"}],"replies":[{"embeddable":true,"href":"https:\/\/ikaivans.com\/eu\/wp-json\/wp\/v2\/comments?post=10208"}],"version-history":[{"count":5,"href":"https:\/\/ikaivans.com\/eu\/wp-json\/wp\/v2\/product\/10208\/revisions"}],"predecessor-version":[{"id":11851,"href":"https:\/\/ikaivans.com\/eu\/wp-json\/wp\/v2\/product\/10208\/revisions\/11851"}],"wp:featuredmedia":[{"embeddable":true,"href":"https:\/\/ikaivans.com\/eu\/wp-json\/wp\/v2\/media\/11836"}],"wp:attachment":[{"href":"https:\/\/ikaivans.com\/eu\/wp-json\/wp\/v2\/media?parent=10208"}],"wp:term":[{"taxonomy":"product_brand","embeddable":true,"href":"https:\/\/ikaivans.com\/eu\/wp-json\/wp\/v2\/product_brand?post=10208"},{"taxonomy":"product_cat","embeddable":true,"href":"https:\/\/ikaivans.com\/eu\/wp-json\/wp\/v2\/product_cat?post=10208"},{"taxonomy":"product_tag","embeddable":true,"href":"https:\/\/ikaivans.com\/eu\/wp-json\/wp\/v2\/product_tag?post=10208"}],"curies":[{"name":"wp","href":"https:\/\/api.w.org\/{rel}","templated":true}]}}

<div>
<p><strong>Autocaravana Ilusion XMK 740, </strong>la autocaravana perfilada de la marca Ilusion que dispone de <strong>2</strong> <strong>espacios independientes </strong>separados por una puerta corredera: una habitación dormitorio tipo suite con <strong>camas individuales gemelas</strong> con baño y ducha separados y zona de comedor y cocina.</p>
<p>&nbsp;</p>
</div>
<div><img fetchpriority="high" decoding="async" class="wp-image-10178 size-large aligncenter" src="https://ikaivans.com/wp-content/uploads/ICONOS-740-PREMIUM-DATOS-TECNICOS-1024x125.png" alt="" width="1024" height="125" srcset="https://ikaivans.com/wp-content/uploads/ICONOS-740-PREMIUM-DATOS-TECNICOS-1024x125.png 1024w, https://ikaivans.com/wp-content/uploads/ICONOS-740-PREMIUM-DATOS-TECNICOS-300x37.png 300w, https://ikaivans.com/wp-content/uploads/ICONOS-740-PREMIUM-DATOS-TECNICOS-768x94.png 768w, https://ikaivans.com/wp-content/uploads/ICONOS-740-PREMIUM-DATOS-TECNICOS-1536x188.png 1536w, https://ikaivans.com/wp-content/uploads/ICONOS-740-PREMIUM-DATOS-TECNICOS-600x73.png 600w, https://ikaivans.com/wp-content/uploads/ICONOS-740-PREMIUM-DATOS-TECNICOS.png 1903w" sizes="(max-width: 1024px) 100vw, 1024px" /></div>
<div></div>
<div>
<ul>
<li>Garantía: 3 años de garantía del vehículo y <strong>5 años de garantía</strong> frente a estanqueidad</li>
<li><strong>Amplio</strong> <strong>salón comedor</strong> delantero con asientos de cabina giratorios y mesa deslizante con regulación en altura</li>
<li><b>Habitación </b>de dormitorio<b> tipo Suite </b>con<b> camas gemelas</b></li>
<li><strong>Puerta corredera</strong> que separa dormitorio del resto del espacio</li>
<li><strong>4 + 1 asientos</strong> homologados y <strong>3 + 2 plazas para dormir</strong>. El vehículo tiene camas gemelas en la parte trasera.</li>
<li><strong>Opcional recomendable:</strong> <strong>5º plaza</strong> para viajar + <strong>fundas de cabina </strong>+ <strong>cama doble abatible eléctrica</strong> en la parte delantera + <strong>Kit cama grande</strong> en las camas gemelas</li>
<li>Garaje grande de fácil acceso desde ambos lados</li>
<li><strong>Financiación Especial</strong>: Consultar condiciones</li>
</ul>
<div>
<p>&nbsp;</p>
<p>IVA, Transporte, IEDMT (14,75%) y matriculación incluidos.</p>
</div>
<div>
<p>IEl IEMDT es deducible con minusvalía superior al 33% o con familia numerosa.</p>
</div>
<div><strong>DIMENSIONES CAMAS:</strong></div>
<p>Camas individuales en la parte trasera:</p>
<ul>
<li>Cama trasera izquierda de 202 x 81 cm</li>
<li>Cama trasera derecha de 198 x 81 cm</li>
<li>Opcional: cama delantera elevable eléctrica de 200 x 120 cm con opción extensión de cama +25cm.</li>
<li>Opcional: kit de transformación de camas individuales a cama doble de 210 x 190 cm.</li>
</ul>
</div>

<p>Autocaravana Ilusion XMK 740, la autocaravana perfilada de la marca Ilusion que dispone de 2 espacios independientes separados por una puerta corredera: una habitación dormitorio tipo suite con camas individuales gemelas con baño y ducha separados y zona de comedor y cocina. &nbsp; Garantía: 3 años de garantía del vehículo y 5 años de garantía frente a estanqueidad Amplio salón comedor delantero con asientos de cabina giratorios [&hellip;]</p>
